77. Let y = o - 141. What is the remainder when 347 is divided by y?
57
Let b(o) = -o**3 + 10*o**2 - 214*o + 1377. Calculate the remainder when 227 is divided by b(7).
19
Suppose 13*r = -4786 - 5757. Let l = -757 - r. Let d(v) = 26*v**2 + v. Calculate the remainder when d(2) is divided by l.
52
Let l = 679 + -677. Suppose -3*n + 3 = 0, -8*n - 484 = -l*s - 4*n. Calculate the remainder when s is divided by 82.
80
What is the remainder when -1651*14*5/(-455) is divided by 130?
124
Let c = -456 - -696. What is the remainder when c is divided by 22?
20
Let r = -7800 + 7807. What is the remainder when 3210 is divided by r?
4
Suppose 180 = -21*y + 26*y. Suppose -7*z - y = -13*z. Suppose -80 = -z*j + 94. Calculate the remainder when 84 is divided by j.
26
What is the remainder when 2000 is divided by 3/5*(-75095)/(-1959)?
22
What is the remainder when (-45)/6 + 126630/60 is divided by 39?
36
Suppose -33*c + 15 = -28*c. Suppose -c*b = 5*p - 356, 2*p + 10 = -0. What is the remainder when b is divided by 33?
28
Suppose 5*a + q - 342 = 0, q - 15 = -a + 51. What is the remainder when a is divided by 17?
1
Suppose 0 = 406*z - 422*z + 1184. What is the remainder when 413 is divided by z?
43
Suppose -3*v = 2*v - 50. Let y(m) = -7*m - 29. Suppose -5*o - 39 = 3*z, 27 + 1 = -2*z - 4*o. What is the remainder when y(z) is divided by v?
7
Suppose 8 - 12 = 4*l. Let g be 4*(l + 1 + 7). Suppose -21*b + g*b = 105. What is the remainder when 28 is divided by b?
13
Let a = -2457 - -2743. What is the remainder when a is divided by 98?
90
Suppose 2*p + 74*m = 77*m + 88, 0 = 5*p + 2*m - 258. Suppose -3*c + 36 = -153. Let y = c + -37. Calculate the remainder when p is divided by y.
24
Suppose -925*p + 913*p + 5796 = 0. What is the remainder when p is divided by 49?
42
Suppose 5*v - 156 = -4*b + 11, 4*v = -3*b + 126. Suppose 49*h - 6750 = 4*h. Calculate the remainder when h is divided by b.
36
Suppose -4*q = -3*m + 6*m - 36, 3*q - 40 = m. What is the remainder when (-12254)/(-54) - (-184)/2484 is divided by q?
11
Suppose 2158 + 2270 - 1548 = 60*n. Let v(j) = 9*j**2 + 6*j - 3. Calculate the remainder when v(-6) is divided by n.
45
Let k(z) = z**3 - 31*z**2 - 54*z - 38. Suppose 53*v = 59*v - 432. Calculate the remainder when k(33) is divided by v.
70
Let c(a) be the first derivative of a**4/4 - 4*a**3 + 23*a**2/2 + 21*a - 70. Calculate the remainder when c(11) is divided by 12.
9
Suppose g - 3167 = -5*g + 2317. What is the remainder when g is divided by 226?
10
Let r be 2 - (0 + 1) - 1. Suppose 3*m + r*m = 3. Let o = m + 6. What is the remainder when o is divided by 4?
3
Let j be 207456/240 - (-1)/(5/(-2)). Suppose 11*n = 20*n - j. Calculate the remainder when n is divided by 11.
8
What is the remainder when 118 is divided by ((-84)/224 + 291/8)*2?
46
Suppose -1668 = 30*d - 2148. What is the remainder when 2397 is divided by d?
13
Let l = 115 + -104. Let q(r) be the third derivative of r**4/6 - r**3/2 + 6*r**2. Calculate the remainder when q(6) is divided by l.
10
What is the remainder when (-98 + 108 - 11/1) + 6*1439 is divided by 55?
53
Let y(j) = -3*j**2 + 5*j + 513. Let b be y(0). Let i = b + -489. What is the remainder when 45 is divided by i?
21
Suppose -71111 = -310*r - 4461. Suppose -3*c + 5*t = -207, 5*c + 4*t + 43 = 388. What is the remainder when r is divided by c?
8
Calculate the remainder when (2 - 6/(-7))/(15/20055) is divided by 26.
24
Suppose 5*m = 4*r + 17, -r + 16*m + 22 = 20*m. Suppose -t + 4 + 4 = -z, -r*t - z + 25 = 0. Calculate the remainder when t is divided by 4.
3
Suppose -v + 5*u - 2*u = -85, 2*v - 4*u = 178. What is the remainder when 412 is divided by v?
24
Suppose -6*v + 1010 = -1714. Let w = 491 - v. Calculate the remainder when 515 is divided by w.
34
Let d(w) = 4773*w + 279. Calculate the remainder when d(1) is divided by 64.
60
What is the remainder when 25604 is divided by (-42)/(-12)*(-1168)/(-14) - 1?
287
Suppose -6*c - 515 + 677 = 0. Let k(o) = o + 2. Let j(a) = 3*a + 7. Let r(f) = 6*j(f) - 22*k(f). Calculate the remainder when c is divided by r(-2).
3
Let n = 4 + -1. Suppose -5*v = 5*r - 680, -n*r + v = -411 - 5. Suppose 4*p - 70 = -2*w - 2, -17*w + 479 = p. Calculate the remainder when r is divided by w.
26
Let n be (486/(-36))/((-1)/14). Let j = n + -107. What is the remainder when j is divided by 29?
24
Suppose -313630 = -102*a + 21512 + 399972. Calculate the remainder when a is divided by 27.
25
Let d(h) = h**3 + 9*h**2 + 6. Let t be d(-10). Let v = t + 152. Calculate the remainder when 405 is divided by v.
57
Suppose 4*y = 375 + 121. What is the remainder when y is divided by (-10)/(-4) + 1503/334?
5
Let y = -658 - -679. Calculate the remainder when 1300 is divided by y.
19
What is the remainder when (-2190)/3*((-1269)/90)/47 is divided by 213?
6
Let y = -33 + 39. Suppose y*s = -s + 525. Suppose -4*l - 3*f + 153 = 0, -f + 100 = 2*l + 23. Calculate the remainder when s is divided by l.
36
Let i(p) = -p**2 - 13*p - 6. Let c = -120 + 134. Let l(u) = u**2 - 3*u - 61. Calculate the remainder when l(c) is divided by i(-11).
13
Let a be 3/(7/(-4) + 1). Let f(h) = h**3 + 6*h**2 + 4*h - 3. Let i = 2524 + -2501. What is the remainder when i is divided by f(a)?
10
Suppose 0 = 3*i - 220 - 137. Let v = i + -117. Suppose -v*x - 2*o - 2*o = 14, 2*x = -3*o - 10. Calculate the remainder when 5 is divided by x.
0
Suppose 4*b + 195 = 7*b. Suppose -5*t + 3*f + 344 = 137, -3*t = 5*f - 199. What is the remainder when b is divided by t?
17
Let b(x) = x**3 + 4*x**2 - 3*x - 4. Let y = 43 + -43. Let s(p) = -p**3 - p**2 + 2*p + 14. What is the remainder when s(y) is divided by b(-4)?
6
Let u(b) = -34*b - 8. What is the remainder when 987 is divided by u(-2)?
27
Let q(t) = -396*t - 1175. What is the remainder when (-7868)/(-44) - (-4)/22 is divided by q(-3)?
10
Let q(l) = -11*l + 2. Let b be q(1). Suppose -404 = 4*v - 32. Let r = b - v. Calculate the remainder when r is divided by 44.
40
Let u(v) = 2*v**2 - 102*v + 862. Calculate the remainder when u(8) is divided by 169.
5
Let p = 1261 + -1128. Let d(k) = k**3 + 9*k**2 + 9*k - 14. What is the remainder when p is divided by d(-6)?
13
Let u(b) = 2*b - 6. Let p be u(-28). Let o = 96 - p. Suppose 0 = 5*s - 3*a - 100, 0 = -2*s + s - 2*a + 33. Calculate the remainder when o is divided by s.
20
Suppose 3*a = -2*l + 614, 10*l = 4*a + 9*l - 804. Calculate the remainder when a is divided by 10.
2
Let l(f) = 31*f - 1. Suppose p + 8 = 3*p. Suppose -5*b = -20*n + 21*n - 21, -b = -3*n + 63. What is the remainder when l(p) is divided by n?
18
Let t = -295 + 500. Let v = t + -175. Suppose 5*u - 54 = 3*g, 0 = 4*u + u + 3*g - 66. What is the remainder when v is divided by u?
6
Let n(k) = k - 1. Let p(l) = -42*l - 2. Let f(s) = -5*n(s) - p(s). Let q be 1*3 - (65 + -64). What is the remainder when f(q) is divided by 17?
13
What is the remainder when 10/(-30 + 20)*(1 + -4) - -9761 is divided by 74?
70
Let f(p) = -470*p + 53. What is the remainder when 230 is divided by f(0)?
18
Suppose 0*c - 11*c = -132. Suppose 9*v + 21 = c*v. Suppose 0 = 5*j + 3*y - 115, 0*y + 98 = 3*j - 4*y. What is the remainder when j is divided by v?
5
Suppose 12*d = 10*d + 20. Suppose 2*f + d = -0*h + h, -8 = 4*h + 4*f. What is the remainder when 55 is divided by 2/(0 + h)*29?
26
Let b(q) = -28 + 43 + 43*q - 5. Suppose 2*z - 22 - 11 = -n, -n + 3*z + 33 = 0. What is the remainder when b(2) is divided by n?
30
Calculate the remainder when 76 + 3 + 9/(-3) is divided by (-355)/(-426) + (-151)/(-6).
24
Calculate the remainder when 916*(-15)/(-8) + 4/8 is divided by 3.
2
Suppose -8*c = -7*c. What is the remainder when 10/1 - 5 - -1 is divided by (c + 1)/((-7)/(-14))?
0
What is the remainder when 16/28 - (-250365)/105 is divided by 23?
16
Suppose 40 = 6*t - 14. Suppose t*o - 12*o + 189 = -2*r, -2*r = 0. Calculate the remainder when o is divided by 32.
31
Suppose -292*t = 310*t + 106*t - 63012. Suppose 4*j - 26 - 14 = 5*r, 5*j = -2*r + 50. What is the remainder when t is divided by j?
9
Let v(w) = -182*w + 8620. Calculate the remainder when 380 is divided by v(47).
50
Let p = -8 + 12. Let a = -164980 + 165051. What is the remainder when a is divided by p?
3
Let l = -213 + 249. Calculate the remainder when 218 is divided by l.
2
Let t = 32 + -5. Calculate the rem